ive w(-11).
0
Let q(o) = o + 4. Determine q(-7).
-3
Let v(i) = -6*i. Give v(-9).
54
Let c(v) = -v**2 - 7. Determine c(0).
-7
Let c(j) = -5*j - 9. Give c(-9).
36
Let p(w) = -w**2 - 7*w - 8. Give p(-3).
4
Let p(n) = n**3 - 5*n**2 - 3*n + 12. Determine p(5).
-3
Let g(u) = -14*u**2 - 8*u - 6. Calculate g(-1).
-12
Let f(n) = n**2 + 13*n + 2. Determine f(-7).
-40
Let k(z) = -z**3 + 6*z**2 + 5*z - 2. Calculate k(6).
28
Let a(w) = w**3 - 9*w**2 + 2*w - 12. Calculate a(8).
-60
Let z(h) = -h**3 - 6*h**2 + 24*h + 94. Calculate z(-3).
-5
Let b(k) = k**2 + 19*k + 15. Calculate b(-16).
-33
Let j(y) = -y**2 + 18*y - 32. Determine j(14).
24
Let t(m) = m**2 + 5*m - 3. Determine t(-6).
3
Let g(s) = -s**2 - 12*s. Give g(5).
-85
Let i(o) = -o**2 + o + 4. What is i(4)?
-8
Let t(i) = i**3 + 9*i**2 + 10*i - 5. Give t(-8).
-21
Let m(z) = -2*z**2 - 10*z + 29. What is m(-7)?
1
Let s(x) = 8*x**2 - 5*x - 7. Calculate s(-2).
35
Let z(t) = -t**3 + 2*t**2 - 4*t + 2. Determine z(2).
-6
Let g(z) = 25*z**2 + 4*z - 3. Calculate g(1).
26
Let s(b) = 6*b**2 + 4*b + 6. Calculate s(-2).
22
Let x(l) = -7*l**3 + l**2 - l. What is x(1)?
-7
Let c(g) = g**3 - 14*g**2 + 38*g + 13. Calculate c(10).
-7
Let b(w) = 2*w + 26. What is b(7)?
40
Let d(i) = -2*i**2 + 22*i - 33. Calculate d(8).
15
Let y(b) = b**3 - 11*b**2 - 10*b - 26. Determine y(12).
-2
Let c(h) = 3*h**3 + h**2 - 2*h + 2. Give c(1).
4
Let r(k) = 77*k - 387. Determine r(5).
-2
Let u(g) = g**3 + 11*g**2 - 25*g + 14. What is u(-13)?
1
Let f(h) = h**3 - 4*h**2 - 5*h + 4. What is f(3)?
-20
Let i(b) = -7*b + 38. Determine i(6).
-4
Let f(m) = m**3 + 3*m**2 - 3*m + 3. What is f(-5)?
-32
Let g(q) = q**3 - 7*q**2 + 6*q - 39. Give g(7).
3
Let y(p) = -5*p**2 - 95*p + 6. What is y(-19)?
6
Let o(p) = -p**3 + 10*p**2 - 12*p + 19. Determine o(9).
-8
Let c(w) = w**3 - 8*w**2 - 12*w + 10. Calculate c(11).
241
Let f(m) = -5*m + 8. What is f(9)?
-37
Let z(q) = -q**3 - q**2 - q + 7. Determine z(0).
7
Let s(t) = t**3 - 9*t**2 - 22*t + 1. Give s(11).
1
Let y(x) = x - 9. What is y(10)?
1
Let f(u) = 2*u - 6. Determine f(-2).
-10
Let a(z) = -2*z + 3. Give a(4).
-5
Let d(t) = -2*t**2 + 2*t + 25. Determine d(0).
25
Let g(h) = 2*h**3 - 3*h**2 + 1. Determine g(3).
28
Let y(h) = 6*h**2 - 31*h + 39. What is y(3)?
0
Let l(u) = -8*u. Determine l(1).
-8
Let q(f) = -f**3 - 6*f**2 + 2*f + 11. Give q(-6).
-1
Let a(s) = -20*s**3 - 13*s**2 - 10*s + 2. Determine a(-1).
19
Let w(o) = 7*o - 104. Calculate w(8).
-48
Let y(n) = 2*n**2 + n + 8. Give y(-5).
53
Let a(c) = 19*c - 207. What is a(13)?
40
Let d(k) = k**3 - 10*k**2 + 23*k - 16. Give d(7).
-2
Let t(o) = o**3 - 12*o**2 + 9*o + 28. Give t(11).
6
Let p(m) = -8*m - 237. Determine p(-29).
-5
Let i(d) = -d**3 - 3*d**2 + 38*d - 6. Give i(5).
-16
Let t(u) = 3*u - 23. Determine t(4).
-11
Let v(u) = u**2 - 6*u - 3. Give v(7).
4
Let z(y) = -29*y - 162. Calculate z(-6).
12
Let o(t) = -t**2 + 2*t + 2. What is o(3)?
-1
Let b(m) = -m**2 - 19*m. Give b(-19).
0
Let p(u) = -6*u + 26. Calculate p(3).
8
Let y(u) = -u**2 - 16*u - 10. Give y(-5).
45
Let y(c) = 2*c - 53. Calculate y(28).
3
Let r(o) = -24*o - 426. Determine r(-18).
6
Let i(g) = -g**3 - 8*g**2 - 7*g + 11. Give i(-5).
-29
Let v(a) = a**2 - 14*a + 20. Determine v(10).
-20
Let y(s) = -s**2 + 19*s - 24. What is y(18)?
-6
Let o(l) = -5*l - 6. What is o(2)?
-16
Let v(j) = j**2 + j + 6. Calculate v(-12).
138
Let x(p) = p**3 - 9*p**2 - 3*p + 2. Determine x(9).
-25
Let p(m) = m**2 + m - 144. What is p(-13)?
12
Let q(a) = -10*a + 859. Give q(86).
-1
Let r(v) = v**2 + 9*v - 10. Calculate r(-11).
12
Let a(n) = -n**3 - 11*n**2 + 10*n - 27. Give a(-12).
-3
Let j(n) = 7*n**3 + 4*n**2 + 2*n - 2. What is j(-2)?
-46
Let q(a) = -a**3 + 75*a**2 + 78*a - 145. Give q(76).
7
Let s(u) = -u**2 - 14*u + 10. What is s(-11)?
43
Let z(f) = -f**3 - 9*f**2 - 7*f - 6. Determine z(-5).
-71
Let i(m) = -42*m - 433. Give i(-10).
-13
Let y(l) = -6*l + 66. Give y(12).
-6
Let v(r) = 8*r - 9. Calculate v(6).
39
Let w(k) = -2*k**2 - k - 2. Calculate w(-2).
-8
Let i(h) = h**3 + 21*h**2 + 38*h - 14. Give i(-19).
-14
Let w(m) = -37*m - 4. What is w(-2)?
70
Let x(y) = -62*y + 10. Give x(1).
-52
Let a(t) = -t - 43. Determine a(-30).
-13
Let q(n) = n**2 + n - 1. What is q(-2)?
1
Let s(n) = 52*n**3. Calculate s(1).
52
Let f(q) = q**3 - 16*q**2 + q - 311. Give f(17).
-5
Let q(v) = -4*v**2 + 45*v + 12. Calculate q(12).
-24
Let f(c) = 9*c**2 - 2*c + 24. Determine f(4).
160
Let z(o) = o**3 + 31*o**2 + 60*o + 61. Determine z(-29).
3
Let c(m) = -6*m**2 + 2*m + 2. Calculate c(2).
-18
Let h(x) = 3*x + 65. Calculate h(-20).
5
Let q(y) = 2*y**2 + y - 58. What is q(6)?
20
Let f(w) = -w**3 - 67*w**2 + 139*w + 79. Calculate f(-69).
10
Let a(z) = -3*z + 3. Calculate a(2).
-3
Let n(l) = l**3 - 7*l**2 - 28*l - 18. Determine n(9).
-108
Let z(q) = 2*q**2 - 7*q - 315. What is z(-11)?
4
Let m(c) = 6*c + 27. What is m(4)?
51
Let y(l) = 69*l - 489. Give y(7).
-6
Let i(x) = 5*x + 1. Calculate i(-2).
-9
Let o(h) = 2*h**2 + 4. Determine o(0).
4
Let q(a) = -81*a - 1452. Determine q(-18).
6
Let s(o) = 2*o**2 - 2*o - 16. Determine s(-6).
68
Let n(z) = 3*z**3 + 13*z**2 - 12*z - 64. Determine n(-4).
0
Let b(n) = 28*n**2 - 111*n. Give b(4).
4
Let b(y) = -y**3 + 16*y**2 + 17*y + 21. Determine b(17).
21
Let a(i) = i**2 + 20*i - 10. Calculate a(-21).
11
Let d(q) = 4*q - 1. Determine d(4).
15
Let f(k) = 19*k - 107. What is f(6)?
7
Let w(i) = -i**2 + 25*i - 65. What is w(18)?
61
Let r(f) = f**2 + 4*f - 13. Give r(6).
47
Let p(v) = -v**3 - 30*v**2 - 14. What is p(-30)?
-14
Let b(u) = u**2 - 12*u - 51. What is b(16)?
13
Let h(u) = u - 22. Calculate h(9).
-13
Let b(y) = -11*y + 17. Calculate b(1).
6
Let a(z) = z**3 - 6*z**2 - 6*z + 23. Give a(6).
-13
Let l(v) = 6*v - 244. Determine l(39).
-10
Let w(x) = -55*x**2 + 384*x + 15. Calculate w(7).
8
Let l(y) = -8*y**2 + 4*y + 1. Give l(-2).
-39
Let q(l) = -9*l + 4. Determine q(-1).
13
Let v(s) = s**3 - 18*s**2 - 20*s + 61. Give v(19).
42
Let w(p) = -3*p**2 + p + 4. Give w(4).
-40
Let y(m) = 38*m + 1. Calculate y(-1).
-37
Let m(a) = 5*a - 249. What is m(42)?
-39
Let p(y) = -y**2 - y - 2. Give p(0).
-2
Let s(x) = -9*x - 6. What is s(2)?
-24
Let x(t) = -t - 11. What is x(-9)?
-2
Let z(d) = 57*d + 4. Give z(1).
61
Let u(a) = -2*a**3 - 67*a**2 - 33*a + 7. What is u(-33)?
7
Let n(a) = 7*a. Give n(-4).
-28
Let l(n) = 15*n - 1. Give l(-1).
-16
Let r(d) = 43*d + 37. Determine r(-1).
-6
Let l(i) = 8*i**3 - 3*i**2 - 4*i - 2. What is l(-1)?
-9
Let i(d) = 20*d - 6. Calculate i(-1).
-26
Let g(k) = -k**2 + 8*k - 17. Give g(6).
-5
Let y(v) = v**3 - 4*v + 3. Give y(-4).
-45
Let k(r) = -r**2 - 22*r - 20. Calculate k(-21).
1
Let z(g) = 25*g - 1. What is z(-3)?
-76
Let u(w) = w**2 + 5*w - 10. What is u(-6)?
-4
Let y(t) = -15*t + 155. What is y(10)?
5
Let w(f) = f**3 - 7*f**2 - 10*f + 7. Calculate w(8).
-9
Let x(g) = -8*g - 6. What is x(-1)?
2
Let n(b) = b**2 + b - 5. What is n(5)?
25
Let w(q) = q**2 - 10*q + 8. Determine w(6).
-16
Let h(q) = q**3 - 12*q**2 + 18. Give h(12).
18
Let s(d) = d**2 + 15*d + 42. Give s(-3).
6
Let v(g) = -g**3 + 12*g**2 + 14*g - 9. What is v(13)?
4
Let g(x) = -x**3 - 5*x**2 - 11*x - 27. Give g(-4).
1
Let b(f) = 7*f**3 + 5*f - 1. What is b(2)?
65
Let b(h) = -7*h + 19. Determine b(3).
-2
Let a(p) = -p**2 + 6*p + 9. Calculate a(8).
-7
Let t(k) = -9*k. What is t(-2)?
18
Let k(n) = 2*n - 12. Determine k(4).
-4
Let d(a) = -10*a + 4. Give d(-5).
54
Let h(v) = -2*v - 4. Give h(11).
-26
Let v(u) = -u**2 - 22*u - 48. Determine v(-20).
-8
Let y(h) = -5*h - 16. Calculate y(-6).
14
Let q(f) = -2*f - 4. Give q(5).
-14
Let v(t) = t**2 - 11*t + 17. Give v(7).
-11
Let t(b) = b**3 - 7*b**2 + 43*b - 170. What is t(5)?
-5
Let a(x) = 5*x - 182. Give a(35).
-7
Let j(q) = q**2 + 9*q - 97. Calculate j(-15).
-7
Let f(d) = 4*d - 7. What is f(5)?
13
Let r(l) = -3*l + 11. Give r(9).
-16
Let q(i) = 4*i - 11. Determine q(8).
21
Let s(u) = 9*u - 10. What is s(-5)?
-55
Let g(v) = v + 11. Determine g(-5).
6
Let o(h) = -h**3 + 7*h**2 - 4*h + 12. Give o(6).
24
Let g(w) = -w**3 - 26*w**2 - 25*w - 56. Calculate g(-25).
-56
Let m(o) = -o**3 + 12*o**2 - 10*o - 11. Calculate m(11).
0
Let v(a) = -a**3 - 26*a**2 + 26*a - 39. Determine v(-27).
-12
Let z(x) = x**3 - 5*x**2 - 5*x - 13. Determine z(6).
-7
Let j(g) = 3*g**3 - 4*g + 6. Determine j(0).